f + 8669914. Calculate s(726).
22
Let h(m) = 2227*m - 1478. What is h(2)?
2976
Let k(t) = -t**2 + 196*t + 10867. What is k(242)?
-265
Let q(h) = -13415*h + 6761172. Give q(504).
12
Let c(a) = -a**2 - 126*a - 4011. Calculate c(-54).
-123
Let d(n) = 8*n**2 + 14317*n + 42949. What is d(-3)?
70
Let a(b) = 8182*b - 32732. Determine a(4).
-4
Let j(q) = 7*q**2 - 5348*q - 5350. Calculate j(-1).
5
Let h(q) = 8*q**3 + 2950*q**2 - 1061*q - 119219. Give h(-369).
-32
Let c(n) = -5*n**2 - 664*n + 39995. What is c(45)?
-10
Let b(h) = 20*h**3 + 439*h**2 + 5*h + 551. Give b(-22).
-43
Let y(t) = 26815*t + 2145219. Calculate y(-80).
19
Let s(w) = -24*w**2 - 2473*w - 26308. Calculate s(-91).
-9
Let b(h) = -h**3 + 88*h**2 - 603*h - 2951. Give b(80).
9
Let c(n) = -n**3 - 33*n**2 - 154*n - 6339. Determine c(-34).
53
Let h(n) = 5*n**2 - 469*n + 8380. What is h(71)?
286
Let r(u) = -76948*u - 8233429. What is r(-107)?
7
Let k(f) = 1600*f**2 + 3875*f - 2778. Calculate k(-3).
-3
Let y(p) = -2*p**2 + 3847*p + 46452. Give y(-12).
0
Let d(m) = -44264*m - 1682035. Determine d(-38).
-3
Let b(z) = -526*z - 168982. Calculate b(-323).
916
Let k(w) = 15*w**2 + 4701*w + 18799. Determine k(-4).
235
Let c(o) = 5381*o - 59155. What is c(11)?
36
Let w(n) = -n**3 + 30*n**2 + 484*n - 15142. Determine w(28).
-22
Let o(x) = 3*x**3 - 1962*x**2 + 2009*x - 32644. Determine o(653).
6
Let g(r) = -2*r**3 + 19*r**2 + 17*r - 182. Calculate g(10).
-112
Let g(v) = -6097*v - 1810805. What is g(-297)?
4
Let d(l) = 106*l - 5235. What is d(46)?
-359
Let b(j) = 29102*j - 2735593. Calculate b(94).
-5
Let i(b) = -b**3 + 1052*b**2 + 39173*b + 158. Determine i(-36).
-22
Let k(d) = -4*d**2 - 1062*d + 535. Determine k(-266).
3
Let r(a) = 209*a + 4487. Determine r(-21).
98
Let p(z) = -4*z**3 + 201*z**2 - 674*z + 11611. Calculate p(48).
-5
Let w(u) = -2*u**2 - 99*u + 17372. Give w(72).
-124
Let i(n) = 11*n**3 - 124*n**2 + 25*n + 98. Give i(11).
10
Let d(c) = -3*c**3 - 18*c**2 - 24698*c - 197966. Give d(-8).
2
Let g(b) = b**3 + 32*b**2 + 3849*b - 52523. Determine g(12).
1
Let i(u) = -27938*u + 27767. Determine i(1).
-171
Let x(k) = 1294220*k + 6471102. Calculate x(-5).
2
Let n(x) = 2*x**2 - 162*x + 939. What is n(6)?
39
Let u(j) = -430*j + 80865. Calculate u(188).
25
Let d(k) = 148*k - 3563. What is d(25)?
137
Let w(k) = 3*k**3 - 2077*k**2 + 6965*k - 51559. Calculate w(689).
116
Let n(d) = 439*d - 11202. Calculate n(21).
-1983
Let z(m) = -m**3 - 21*m**2 - 42*m - 1217. Give z(-17).
-1659
Let w(v) = 4*v**3 + 155*v**2 - 98*v - 4. Calculate w(-39).
2297
Let d(g) = -2*g**3 - 234*g**2 + 7435*g - 524. Calculate d(-143).
-381
Let c(g) = 3*g**3 + 353*g**2 - 532*g - 6589. Calculate c(-119).
75
Let p(c) = -c**3 - 49*c**2 + 2399*c + 4990. What is p(-2)?
4
Let x(n) = -n**2 - 14*n + 1067. Give x(-33).
440
Let j(l) = -7*l**3 + 3254*l**2 + 3721*l + 3270. Calculate j(466).
8
Let y(u) = -6666*u - 1338. Give y(0).
-1338
Let p(s) = -8899*s + 70448. Determine p(7).
8155
Let j(q) = 4*q**3 - 24*q**2 - 53*q + 25. Determine j(9).
520
Let n(v) = 9974*v + 538606. Determine n(-54).
10
Let g(n) = -2*n**2 - 257*n + 1957. What is g(7)?
60
Let c(d) = d**3 - 10*d**2 + 50*d - 238. What is c(9)?
131
Let q(x) = -x**3 + 176*x**2 + 2460*x - 606. Determine q(189).
-39
Let b(t) = -116*t**2 - 131*t + 137. What is b(5)?
-3418
Let z(x) = 21*x + 886. Calculate z(-66).
-500
Let u(b) = -21*b**2 + 1306*b + 215. Calculate u(62).
463
Let o(v) = 4274*v - 73278. Determine o(17).
-620
Let i(m) = m**3 - 35*m**2 + 76*m - 1114. Calculate i(34).
314
Let q(d) = -970*d - 47254. Give q(-55).
6096
Let b(x) = 53468*x - 1069682. What is b(20)?
-322
Let b(r) = -r**3 + 5*r**2 + 6*r - 372. What is b(11)?
-1032
Let f(b) = 176103*b + 2465446. Calculate f(-14).
4
Let c(x) = -2*x**3 - 28*x**2 - 128*x - 1259. Calculate c(-13).
67
Let h(r) = -1567*r**2 + 498303*r + 1001. What is h(318)?
47
Let n(z) = -z**3 + 2*z**2 - 15*z - 114. Calculate n(-5).
136
Let r(j) = j**3 + 79*j**2 - 56*j - 113. What is r(-80)?
-2033
Let l(j) = 3038*j**2 + 72951*j + 22. Determine l(-24).
-914
Let c(h) = -20*h**3 + 221*h**2 - 503*h + 95. Give c(8).
-25
Let a(b) = 2023*b + 6014. Give a(-3).
-55
Let w(c) = -23*c**3 + 129*c**2 + 38*c - 535. What is w(5)?
5
Let i(h) = 7053*h - 916888. Determine i(130).
2
Let l(o) = -2*o**2 - 1060*o - 6311. What is l(-6)?
-23
Let j(u) = -11491*u + 677963. What is j(59)?
-6
Let p(q) = -42*q**2 - 1802*q - 1665. Determine p(-42).
-69
Let k(i) = i**3 + 39*i**2 - 371*i - 4552. Determine k(-45).
-7
Let y(c) = -c**3 + 35*c**2 + 178*c - 3048. What is y(37)?
800
Let g(d) = -3*d**2 - 1187*d - 31931. Calculate g(-29).
-31
Let b(a) = -3637*a + 65468. Give b(18).
2
Let s(a) = -a**3 - 323*a**2 - 20080*a - 634. What is s(-239)?
322
Let m(p) = 3*p**3 + 726*p**2 - 2186*p + 92. Determine m(3).
149
Let w(a) = 69*a**3 + 417*a**2 + 16*a - 3. What is w(-6)?
9
Let d(x) = 1194*x**3 + 15521*x**2 - 9*x + 56. What is d(-13)?
4
Let j(z) = z**3 - 35*z**2 + 56*z - 84. Calculate j(33).
-414
Let y(a) = -2333*a + 2251338. Give y(965).
-7
Let q(d) = 466*d - 2573. Give q(4).
-709
Let o(d) = 52*d - 3330. Calculate o(69).
258
Let y(z) = -29*z**2 - 507*z + 165. Calculate y(-21).
-1977
Let m(n) = -58*n - 3258. Give m(-42).
-822
Let z(m) = 2*m**3 - 1307*m**2 + 7185*m - 36962. Give z(648).
-26
Let z(d) = 13*d**2 + 1560*d - 1594. Give z(-121).
-21
Let x(i) = 7*i**2 + 10625*i - 65535. Calculate x(-1524).
-3
Let f(v) = 2*v**2 + 12703*v + 504921. Give f(-40).
1
Let n(r) = 230*r**3 - 4*r**2 + 21*r + 23. Calculate n(-1).
-232
Let s(h) = h**3 - 75*h**2 + 1221*h + 11. Determine s(24).
-61
Let m(u) = -3*u - 615. Calculate m(-77).
-384
Let p(a) = -89*a - 7491. What is p(-86)?
163
Let x(m) = m**2 + 788*m - 73102. Determine x(84).
146
Let a(g) = 2777*g + 113822. Determine a(-41).
-35
Let d(w) = -3598*w + 766379. Calculate d(213).
5
Let z(q) = -q**3 - 59*q**2 - 18465*q - 36696. What is z(-2)?
6
Let m(x) = x**3 - 663*x**2 + 26681*x - 13016. Calculate m(620).
4
Let m(z) = 550*z - 1260. Give m(5).
1490
Let o(b) = -1039*b - 8636. Give o(-7).
-1363
Let l(t) = 3*t**3 - 39*t**2 + 6*t - 177. Give l(12).
-537
Let q(x) = -8189*x - 393087. What is q(-48)?
-15
Let m(o) = 123185*o - 739112. Give m(6).
-2
Let f(u) = -6111*u + 35779. Determine f(6).
-887
Let t(b) = -b**3 + 883*b**2 + 6260*b + 214. What is t(-7)?
4
Let q(h) = -h**3 - 131*h**2 + 741*h + 390. Calculate q(6).
-96
Let p(a) = -14*a**2 + 119*a + 229. Calculate p(-4).
-471
Let q(x) = -2*x**2 + 1472*x - 15919. Determine q(11).
31
Let k(l) = -2*l**3 - 89*l**2 - 839*l + 3274. What is k(-21)?
166
Let g(c) = 376751*c + 4144255. Determine g(-11).
-6
Let y(g) = 13632*g - 327175. Determine y(24).
-7
Let r(b) = -17252*b - 51955. Determine r(-3).
-199
Let a(w) = 2*w**3 - 191*w**2 + 345*w - 4093. Give a(94).
1829
Let s(w) = 3*w**3 - 74*w**2 + 38*w + 244. What is s(24)?
4
Let y(g) = -3*g**3 - 634*g**2 + 1705*g + 136325. What is y(-213)?
5
Let s(g) = g**3 - 50*g**2 + 260*g + 199. Give s(44).
23
Let p(d) = -1542*d - 242286. Calculate p(-158).
1350
Let v(s) = -43142*s - 172593. Give v(-4).
-25
Let m(i) = -i**2 - 108*i + 638. Determine m(5).
73
Let s(d) = -620*d - 35731. What is s(-54)?
-2251
Let y(v) = -12*v**3 + v**2 + 1880*v + 1876. Determine y(-1).
9
Let o(c) = -c**3 + 9*c**2 + 2330*c - 20969. Determine o(9).
1
Let j(m) = 1535*m + 25830. Give j(-17).
-265
Let b(v) = -4*v**2 - 663*v - 1974. What is b(-162)?
456
Let k(t) = 9*t**2 - 16462*t - 32920. What is k(-2)?
40
Let u(f) = -f**2 + 337*f - 4874. What is u(15)?
-44
Let p(r) = 1525*r**3 + 2*r**2 + 148*r - 147. What is p(1)?
1528
Let f(q) = 5*q**3 - 1174*q**2 - 196*q - 9143. Calculate f(235).
22
Let i(r) = 24*r**2 - 3763*r + 25157. Determine i(7).
-8
Let k(m) = 158*m + 3225. Give k(-29).
-1357
Let j(s) = s**2 + 480*s + 47619. Give j(-140).
19
Let l(w) = w**2 - 153536*w - 3839013. Calculate l(-25).
12
Let j(o) = o**3 + 26*o**2 - 556*o + 84. Determine j(-40).
-76
Let q(p) = -p**3 + 12*p**2 - 708*p + 10311. Calculate q(14).
7
Let m(f) = 223*f**2 - 5109*f - 305. Determine m(23).
155
Let p(v) = 6*v**3 + 57*v**2 + 27*v + 4. What is p(-9)?
4
Let n(m) = -34*m**2 + 197*m + 5364. Give n(-10).
-6
Let w(a) = -3*a**2 - 1157*a + 62914. Give w(-434).
-16
Let f(k) = 143*k - 9062. Determine f(63).
-53
Let z(p) = p**2 - 1303*p - 27923. Give z(-21).
-119
Let z(a) 